CRAN Package Check Results for Package ZillowR

Last updated on 2021-04-15 04:49:00 CEST.

Flavor Version Tinstall Tcheck Ttotal Status Flags
r-devel-linux-x86_64-debian-clang 0.1.0 3.69 38.61 42.30 NOTE
r-devel-linux-x86_64-debian-gcc 0.1.0 2.98 30.61 33.59 NOTE
r-devel-linux-x86_64-fedora-clang 0.1.0 60.39 NOTE
r-devel-linux-x86_64-fedora-gcc 0.1.0 61.90 NOTE
r-devel-windows-ix86+x86_64 0.1.0 8.00 61.00 69.00 NOTE
r-devel-windows-x86_64-gcc10-UCRT 0.1.0 NOTE
r-patched-linux-x86_64 0.1.0 3.49 36.88 40.37 OK
r-patched-solaris-x86 0.1.0 77.60 OK
r-release-linux-x86_64 0.1.0 3.51 36.78 40.29 OK
r-release-macos-x86_64 0.1.0 OK
r-release-windows-ix86+x86_64 0.1.0 7.00 62.00 69.00 OK
r-oldrel-macos-x86_64 0.1.0 OK
r-oldrel-windows-ix86+x86_64 0.1.0 9.00 41.00 50.00 OK

Check Details

Version: 0.1.0
Check: LazyData
Result: NOTE
     'LazyData' is specified without a 'data' directory
Flavors: r-devel-linux-x86_64-debian-clang, r-devel-linux-x86_64-debian-gcc, r-devel-linux-x86_64-fedora-clang, r-devel-linux-x86_64-fedora-gcc, r-devel-windows-ix86+x86_64, r-devel-windows-x86_64-gcc10-UCRT