CRAN Package Check Results for Package aRtsy

Last updated on 2022-08-10 04:53:55 CEST.

Flavor Version Tinstall Tcheck Ttotal Status Flags
r-devel-linux-x86_64-debian-clang 0.1.8 225.39 153.39 378.78 OK
r-devel-linux-x86_64-debian-gcc 0.1.8 188.17 110.56 298.73 OK
r-devel-linux-x86_64-fedora-clang 0.1.8 555.75 OK
r-devel-linux-x86_64-fedora-gcc 0.1.8 504.20 OK
r-devel-windows-x86_64 0.1.8 178.00 211.00 389.00 OK
r-patched-linux-x86_64 0.1.8 204.47 141.43 345.90 OK
r-release-linux-x86_64 0.1.8 OK
r-release-macos-arm64 0.1.8 127.00 NOTE
r-release-macos-x86_64 0.1.8 175.00 OK
r-release-windows-x86_64 0.1.8 188.00 212.00 400.00 OK
r-oldrel-macos-arm64 0.1.8 142.00 NOTE
r-oldrel-macos-x86_64 0.1.8 168.00 OK
r-oldrel-windows-ix86+x86_64 0.1.8 590.00 362.00 952.00 OK

Check Details

Version: 0.1.8
Check: installed package size
Result: NOTE
     installed size is 5.0Mb
     sub-directories of 1Mb or more:
     libs 4.6Mb
Flavors: r-release-macos-arm64, r-oldrel-macos-arm64