CRAN Package Check Results for Package abglasso

Last updated on 2022-09-25 17:53:45 CEST.

Flavor Version Tinstall Tcheck Ttotal Status Flags
r-devel-linux-x86_64-debian-clang 0.1.1 1.86 23.74 25.60 OK
r-devel-linux-x86_64-debian-gcc 0.1.1 1.87 19.12 20.99 OK
r-devel-linux-x86_64-fedora-clang 0.1.1 43.67 NOTE
r-devel-linux-x86_64-fedora-gcc 0.1.1 44.17 NOTE
r-devel-windows-x86_64 0.1.1 6.00 49.00 55.00 OK
r-patched-linux-x86_64 0.1.1 1.89 23.16 25.05 OK
r-release-linux-x86_64 0.1.1 1.71 23.19 24.90 OK
r-release-macos-arm64 0.1.1 15.00 NOTE
r-release-macos-x86_64 0.1.1 22.00 NOTE
r-release-windows-x86_64 0.1.1 8.00 48.00 56.00 OK
r-oldrel-macos-arm64 0.1.1 17.00 NOTE
r-oldrel-macos-x86_64 0.1.1 22.00 NOTE
r-oldrel-windows-ix86+x86_64 0.1.1 5.00 49.00 54.00 OK

Check Details

Version: 0.1.1
Check: dependencies in R code
Result: NOTE
    Namespace in Imports field not imported from: ‘MASS’
     All declared Imports should be used.
Flavors: r-devel-linux-x86_64-fedora-clang, r-devel-linux-x86_64-fedora-gcc, r-release-macos-arm64, r-release-macos-x86_64, r-oldrel-macos-arm64, r-oldrel-macos-x86_64