CRAN Package Check Results for Package abglasso

Last updated on 2023-09-23 17:53:57 CEST.

Flavor Version Tinstall Tcheck Ttotal Status Flags
r-devel-linux-x86_64-debian-clang 0.1.1 2.18 22.99 25.17 OK
r-devel-linux-x86_64-debian-gcc 0.1.1 1.64 18.61 20.25 OK
r-devel-linux-x86_64-fedora-clang 0.1.1 31.46 NOTE
r-devel-linux-x86_64-fedora-gcc 0.1.1 30.86 NOTE
r-devel-windows-x86_64 0.1.1 6.00 41.00 47.00 OK
r-patched-linux-x86_64 0.1.1 2.44 22.15 24.59 OK
r-release-linux-x86_64 0.1.1 2.02 22.25 24.27 OK
r-release-macos-arm64 0.1.1 15.00 OK
r-release-macos-x86_64 0.1.1 21.00 OK
r-release-windows-x86_64 0.1.1 3.00 40.00 43.00 OK
r-oldrel-macos-arm64 0.1.1 16.00 OK
r-oldrel-macos-x86_64 0.1.1 22.00 NOTE
r-oldrel-windows-x86_64 0.1.1 5.00 43.00 48.00 OK

Check Details

Version: 0.1.1
Check: dependencies in R code
Result: NOTE
    Namespace in Imports field not imported from: ‘MASS’
     All declared Imports should be used.
Flavors: r-devel-linux-x86_64-fedora-clang, r-devel-linux-x86_64-fedora-gcc, r-oldrel-macos-x86_64