CRAN Package Check Results for Package abjutils

Last updated on 2020-12-01 23:48:21 CET.

Flavor Version Tinstall Tcheck Ttotal Status Flags
r-devel-linux-x86_64-debian-clang 0.3.1 4.75 27.62 32.37 OK
r-devel-linux-x86_64-debian-gcc 0.3.1 2.61 22.63 25.24 OK
r-devel-linux-x86_64-fedora-clang 0.3.1 42.40 NOTE
r-devel-linux-x86_64-fedora-gcc 0.3.1 32.67 OK
r-devel-windows-ix86+x86_64 0.3.1 6.00 43.00 49.00 OK
r-patched-linux-x86_64 0.3.1 3.64 27.10 30.74 OK
r-patched-solaris-x86 0.3.1 48.30 OK
r-release-linux-x86_64 0.3.1 3.25 26.53 29.78 OK
r-release-macos-x86_64 0.3.1 OK
r-release-windows-ix86+x86_64 0.3.1 4.00 34.00 38.00 OK
r-oldrel-macos-x86_64 0.3.1 ERROR
r-oldrel-windows-ix86+x86_64 0.2.3 7.00 42.00 49.00 NOTE

Check Details

Version: 0.3.1
Check: Rd cross-references
Result: NOTE
    Undeclared package ‘httr’ in Rd xrefs
Flavor: r-devel-linux-x86_64-fedora-clang

Version: 0.3.1
Check: whether package can be installed
Result: ERROR
    Installation failed.
Flavor: r-oldrel-macos-x86_64

Version: 0.2.3
Check: dependencies in R code
Result: NOTE
    Missing or unexported object: 'devtools::use_package'
Flavor: r-oldrel-windows-ix86+x86_64