CRAN Package Check Results for Package acepack

Last updated on 2019-09-16 22:49:16 CEST.

Flavor Version Tinstall Tcheck Ttotal Status Flags
r-devel-linux-x86_64-debian-clang 1.4.1 3.79 17.68 21.47 OK
r-devel-linux-x86_64-debian-gcc 1.4.1 2.50 14.28 16.78 OK
r-devel-linux-x86_64-fedora-clang 1.4.1 27.40 NOTE
r-devel-linux-x86_64-fedora-gcc 1.4.1 26.77 NOTE
r-devel-windows-ix86+x86_64 1.4.1 19.00 35.00 54.00 OK
r-patched-linux-x86_64 1.4.1 3.11 17.64 20.75 OK
r-patched-solaris-x86 1.4.1 47.40 OK
r-release-linux-x86_64 1.4.1 2.83 18.28 21.11 OK
r-release-windows-ix86+x86_64 1.4.1 11.00 39.00 50.00 OK
r-release-osx-x86_64 1.4.1 OK
r-oldrel-windows-ix86+x86_64 1.4.1 18.00 37.00 55.00 OK
r-oldrel-osx-x86_64 1.4.1 OK

Check Details

Version: 1.4.1
Check: compiled code
Result: NOTE
    File ‘acepack/libs/acepack.so’:
     Found no calls to: ‘R_registerRoutines’, ‘R_useDynamicSymbols’
    
    It is good practice to register native routines and to disable symbol
    search.
    
    See ‘Writing portable packages’ in the ‘Writing R Extensions’ manual.
Flavors: r-devel-linux-x86_64-fedora-clang, r-devel-linux-x86_64-fedora-gcc