CRAN Package Check Results for Package acs

Last updated on 2020-02-20 22:50:51 CET.

Flavor Version Tinstall Tcheck Ttotal Status Flags
r-devel-linux-x86_64-debian-clang 2.1.4 9.32 50.83 60.15 OK
r-devel-linux-x86_64-debian-gcc 2.1.4 7.79 40.81 48.60 OK
r-devel-linux-x86_64-fedora-clang 2.1.4 72.58 NOTE
r-devel-linux-x86_64-fedora-gcc 2.1.4 76.41 NOTE
r-devel-windows-ix86+x86_64 2.1.4 15.00 65.00 80.00 OK
r-devel-windows-ix86+x86_64-gcc8 2.1.4 26.00 91.00 117.00 OK
r-patched-linux-x86_64 2.1.4 6.52 44.17 50.69 OK
r-patched-solaris-x86 2.1.4 101.50 OK
r-release-linux-x86_64 2.1.4 8.09 44.06 52.15 OK
r-release-windows-ix86+x86_64 2.1.4 14.00 61.00 75.00 OK
r-release-osx-x86_64 2.1.4 OK
r-oldrel-windows-ix86+x86_64 2.1.4 10.00 57.00 67.00 OK
r-oldrel-osx-x86_64 2.1.4 OK

Check Details

Version: 2.1.4
Check: top-level files
Result: NOTE
    ‘configure’: /bin/bash is not portable
Flavors: r-devel-linux-x86_64-fedora-clang, r-devel-linux-x86_64-fedora-gcc