CRAN Package Check Results for Package adaptMCMC

Last updated on 2020-12-01 23:48:21 CET.

Flavor Version Tinstall Tcheck Ttotal Status Flags
r-devel-linux-x86_64-debian-clang 1.3 8.80 61.47 70.27 OK
r-devel-linux-x86_64-debian-gcc 1.3 6.48 47.06 53.54 OK
r-devel-linux-x86_64-fedora-clang 1.3 87.17 NOTE
r-devel-linux-x86_64-fedora-gcc 1.3 78.04 OK
r-devel-windows-ix86+x86_64 1.3 17.00 81.00 98.00 OK
r-patched-linux-x86_64 1.3 7.99 57.06 65.05 OK
r-patched-solaris-x86 1.3 127.90 OK
r-release-linux-x86_64 1.3 7.12 56.34 63.46 OK
r-release-macos-x86_64 1.3 OK
r-release-windows-ix86+x86_64 1.3 16.00 63.00 79.00 OK
r-oldrel-macos-x86_64 1.3 OK
r-oldrel-windows-ix86+x86_64 1.3 10.00 83.00 93.00 OK

Check Details

Version: 1.3
Check: Rd cross-references
Result: NOTE
    Undeclared packages ‘HI’, ‘MHadaptive’ in Rd xrefs
Flavor: r-devel-linux-x86_64-fedora-clang