CRAN Package Check Results for Package adaptMCMC

Last updated on 2022-10-03 05:50:39 CEST.

Flavor Version Tinstall Tcheck Ttotal Status Flags
r-devel-linux-x86_64-debian-clang 1.4 7.15 70.01 77.16 NOTE
r-devel-linux-x86_64-debian-gcc 1.4 5.71 54.64 60.35 NOTE
r-devel-linux-x86_64-fedora-clang 1.4 107.76 NOTE
r-devel-linux-x86_64-fedora-gcc 1.4 107.73 NOTE
r-devel-windows-x86_64 1.4 12.00 90.00 102.00 OK
r-patched-linux-x86_64 1.4 7.14 67.40 74.54 NOTE
r-release-linux-x86_64 1.4 7.70 66.87 74.57 NOTE
r-release-macos-arm64 1.4 29.00 OK
r-release-macos-x86_64 1.4 43.00 OK
r-release-windows-x86_64 1.4 14.00 91.00 105.00 OK
r-oldrel-macos-arm64 1.4 36.00 OK
r-oldrel-macos-x86_64 1.4 52.00 OK
r-oldrel-windows-ix86+x86_64 1.4 16.00 91.00 107.00 OK

Check Details

Version: 1.4
Check: Rd cross-references
Result: NOTE
    Unknown package 'MHadaptive' in Rd xrefs
Flavors: r-devel-linux-x86_64-debian-clang, r-devel-linux-x86_64-debian-gcc, r-devel-linux-x86_64-fedora-gcc, r-patched-linux-x86_64, r-release-linux-x86_64

Version: 1.4
Check: Rd cross-references
Result: NOTE
    Undeclared packages ‘HI’, ‘MHadaptive’ in Rd xrefs
    Unknown package ‘MHadaptive’ in Rd xrefs
Flavor: r-devel-linux-x86_64-fedora-clang