CRAN Package Check Results for Package addScales

Last updated on 2024-07-17 11:31:42 CEST.

Flavor Version Tinstall Tcheck Ttotal Status Flags
r-devel-linux-x86_64-debian-clang 1.0-1 3.44 56.18 59.62 OK
r-devel-linux-x86_64-debian-gcc 1.0-1 2.20 44.31 46.51 OK
r-devel-linux-x86_64-fedora-clang 1.0-1 77.04 OK
r-devel-linux-x86_64-fedora-gcc 1.0-1 86.24 OK
r-devel-windows-x86_64 1.0-1 4.00 66.00 70.00 NOTE
r-patched-linux-x86_64 1.0-1 3.58 54.51 58.09 OK
r-release-linux-x86_64 1.0-1 2.59 55.91 58.50 OK
r-release-macos-arm64 1.0-1 31.00 OK
r-release-macos-x86_64 1.0-1 52.00 OK
r-release-windows-x86_64 1.0-1 4.00 63.00 67.00 OK
r-oldrel-macos-arm64 1.0-1 29.00 OK
r-oldrel-macos-x86_64 1.0-1 44.00 OK
r-oldrel-windows-x86_64 1.0-1 4.00 78.00 82.00 OK

Check Details

Version: 1.0-1
Check: Rd cross-references
Result: NOTE Found the following Rd file(s) with Rd \link{} targets missing package anchors: addScales.Rd: panel.text, xyplot, panel.refline panel.addScales.Rd: panel.text, panel.refline prepanel.trim.Rd: xyplot, prepanel.default.xyplot update.scaledTrellis.Rd: update.trellis Please provide package anchors for all Rd \link{} targets not in the package itself and the base packages. Flavor: r-devel-windows-x86_64