CRAN Package Check Results for Package adegenet

Last updated on 2020-12-02 00:47:59 CET.

Flavor Version Tinstall Tcheck Ttotal Status Flags
r-devel-linux-x86_64-debian-clang 2.1.3 51.81 255.52 307.33 OK
r-devel-linux-x86_64-debian-gcc 2.1.3 33.81 194.72 228.53 OK
r-devel-linux-x86_64-fedora-clang 2.1.3 372.47 NOTE
r-devel-linux-x86_64-fedora-gcc 2.1.3 358.17 OK
r-devel-windows-ix86+x86_64 2.1.3 79.00 417.00 496.00 OK
r-patched-linux-x86_64 2.1.3 37.82 239.88 277.70 OK
r-patched-solaris-x86 2.1.3 507.40 NOTE
r-release-linux-x86_64 2.1.3 34.49 241.50 275.99 OK
r-release-macos-x86_64 2.1.3 OK
r-release-windows-ix86+x86_64 2.1.3 59.00 317.00 376.00 OK
r-oldrel-macos-x86_64 2.1.3 NOTE
r-oldrel-windows-ix86+x86_64 2.1.3 65.00 396.00 461.00 OK

Check Details

Version: 2.1.3
Check: installed package size
Result: NOTE
     installed size is 5.0Mb
     sub-directories of 1Mb or more:
     R 1.3Mb
     data 1.3Mb
     files 1.7Mb
Flavors: r-devel-linux-x86_64-fedora-clang, r-patched-solaris-x86, r-oldrel-macos-x86_64