CRAN Package Check Results for Package adepro

Last updated on 2020-12-04 01:50:56 CET.

Flavor Version Tinstall Tcheck Ttotal Status Flags
r-devel-linux-x86_64-debian-clang 3.0.0 10.82 80.32 91.14 OK
r-devel-linux-x86_64-debian-gcc 3.0.0 8.71 63.01 71.72 OK
r-devel-linux-x86_64-fedora-clang 3.0.0 116.16 NOTE
r-devel-linux-x86_64-fedora-gcc 3.0.0 103.38 NOTE
r-devel-windows-ix86+x86_64 3.0.0 19.00 111.00 130.00 OK
r-patched-linux-x86_64 3.0.0 6.46 76.69 83.15 OK
r-patched-solaris-x86 3.0.0 156.00 NOTE
r-release-linux-x86_64 3.0.0 6.35 76.36 82.71 OK
r-release-macos-x86_64 3.0.0 NOTE
r-release-windows-ix86+x86_64 3.0.0 18.00 86.00 104.00 OK
r-oldrel-macos-x86_64 3.0.0 NOTE
r-oldrel-windows-ix86+x86_64 3.0.0 26.00 110.00 136.00 OK

Check Details

Version: 3.0.0
Check: dependencies in R code
Result: NOTE
    Namespace in Imports field not imported from: ‘jsonlite’
     All declared Imports should be used.
Flavors: r-devel-linux-x86_64-fedora-clang, r-devel-linux-x86_64-fedora-gcc, r-patched-solaris-x86, r-release-macos-x86_64, r-oldrel-macos-x86_64