CRAN Package Check Results for Package adfExplorer

Last updated on 2020-12-04 01:50:56 CET.

Flavor Version Tinstall Tcheck Ttotal Status Flags
r-devel-linux-x86_64-debian-clang 0.1.4 6.60 41.22 47.82 OK
r-devel-linux-x86_64-debian-gcc 0.1.4 5.72 33.77 39.49 OK
r-devel-linux-x86_64-fedora-clang 0.1.4 63.36 OK
r-devel-linux-x86_64-fedora-gcc 0.1.4 55.64 OK
r-devel-windows-ix86+x86_64 0.1.4 14.00 60.00 74.00 OK
r-patched-linux-x86_64 0.1.4 5.70 40.92 46.62 OK
r-patched-solaris-x86 0.1.4 75.50 OK
r-release-linux-x86_64 0.1.4 5.91 41.49 47.40 OK
r-release-macos-x86_64 0.1.4 OK
r-release-windows-ix86+x86_64 0.1.4 11.00 60.00 71.00 OK
r-oldrel-macos-x86_64 0.1.4 WARN
r-oldrel-windows-ix86+x86_64 0.1.4 9.00 57.00 66.00 OK

Check Details

Version: 0.1.4
Check: re-building of vignette outputs
Result: WARN
    Error(s) in re-building vignettes:
     ...
    --- re-building ‘amigaDiskFiles.Rmd’ using rmarkdown
    Warning in engine$weave(file, quiet = quiet, encoding = enc) :
     Pandoc (>= 1.12.3) and/or pandoc-citeproc not available. Falling back to R Markdown v1.
    Error: processing vignette 'amigaDiskFiles.Rmd' failed with diagnostics:
    there is no package called 'stringi'
    --- failed re-building ‘amigaDiskFiles.Rmd’
    
    SUMMARY: processing the following file failed:
     ‘amigaDiskFiles.Rmd’
    
    Error: Vignette re-building failed.
    Execution halted
Flavor: r-oldrel-macos-x86_64