CRAN Package Check Results for Package adhoc

Last updated on 2019-09-22 14:47:21 CEST.

Flavor Version Tinstall Tcheck Ttotal Status Flags
r-devel-linux-x86_64-debian-clang 1.1 14.44 107.47 121.91 NOTE
r-devel-linux-x86_64-debian-gcc 1.1 12.25 85.02 97.27 NOTE
r-devel-linux-x86_64-fedora-clang 1.1 150.08 NOTE
r-devel-linux-x86_64-fedora-gcc 1.1 145.09 NOTE
r-devel-windows-ix86+x86_64 1.1 58.00 246.00 304.00 OK
r-patched-linux-x86_64 1.1 13.38 103.58 116.96 OK
r-patched-solaris-x86 1.1 248.40 OK
r-release-linux-x86_64 1.1 13.42 104.41 117.83 OK
r-release-windows-ix86+x86_64 1.1 27.00 115.00 142.00 OK
r-release-osx-x86_64 1.1 OK
r-oldrel-windows-ix86+x86_64 1.1 18.00 123.00 141.00 OK
r-oldrel-osx-x86_64 1.1 OK

Check Details

Version: 1.1
Check: for non-standard things in the check directory
Result: NOTE
    Found the following files/directories:
     'Bestmatches.csv' 'ID.csv' 'listsp.csv' 'mylabels.csv'
Flavors: r-devel-linux-x86_64-debian-clang, r-devel-linux-x86_64-debian-gcc, r-devel-linux-x86_64-fedora-clang, r-devel-linux-x86_64-fedora-gcc