CRAN Package Check Results for Package adhoc

Last updated on 2020-02-23 10:48:43 CET.

Flavor Version Tinstall Tcheck Ttotal Status Flags
r-devel-linux-x86_64-debian-clang 1.1 17.99 162.96 180.95 NOTE
r-devel-linux-x86_64-debian-gcc 1.1 16.62 124.29 140.91 NOTE
r-devel-linux-x86_64-fedora-clang 1.1 209.83 NOTE
r-devel-linux-x86_64-fedora-gcc 1.1 222.91 WARN
r-devel-windows-ix86+x86_64 1.1 40.00 145.00 185.00 OK
r-devel-windows-ix86+x86_64-gcc8 1.1 55.00 174.00 229.00 OK
r-patched-linux-x86_64 1.1 OK
r-patched-solaris-x86 1.1 315.50 OK
r-release-linux-x86_64 1.1 15.09 136.95 152.04 OK
r-release-windows-ix86+x86_64 1.1 34.00 135.00 169.00 OK
r-release-osx-x86_64 1.1 OK
r-oldrel-windows-ix86+x86_64 1.1 19.00 148.00 167.00 OK
r-oldrel-osx-x86_64 1.1 OK

Check Details

Version: 1.1
Check: for non-standard things in the check directory
Result: NOTE
    Found the following files/directories:
     'Bestmatches.csv' 'ID.csv' 'listsp.csv' 'mylabels.csv'
Flavors: r-devel-linux-x86_64-debian-clang, r-devel-linux-x86_64-debian-gcc, r-devel-linux-x86_64-fedora-clang, r-devel-linux-x86_64-fedora-gcc

Version: 1.1
Check: whether package can be installed
Result: WARN
    Found the following significant warnings:
     Warning: namespace ‘rgdal’ is not available and has been replaced
Flavor: r-devel-linux-x86_64-fedora-gcc