CRAN Package Check Results for Package adjclust

Last updated on 2022-01-19 05:48:17 CET.

Flavor Version Tinstall Tcheck Ttotal Status Flags
r-devel-linux-x86_64-debian-clang 0.6.3 43.88 166.81 210.69 OK
r-devel-linux-x86_64-debian-gcc 0.6.3 34.66 127.51 162.17 OK
r-devel-linux-x86_64-fedora-clang 0.6.3 264.21 NOTE
r-devel-linux-x86_64-fedora-gcc 0.6.3 241.37 OK
r-devel-windows-x86_64-new-UL 0.6.3 104.00 208.00 312.00 NOTE
r-devel-windows-x86_64-new-TK 0.6.3 OK
r-patched-linux-x86_64 0.6.3 39.60 153.08 192.68 OK
r-release-linux-x86_64 0.6.3 OK
r-release-macos-arm64 0.6.3 NOTE
r-release-macos-x86_64 0.6.3 NOTE
r-release-windows-ix86+x86_64 0.6.3 105.00 270.00 375.00 NOTE
r-oldrel-macos-x86_64 0.6.3 ERROR
r-oldrel-windows-ix86+x86_64 0.6.3 106.00 270.00 376.00 NOTE

Check Details

Version: 0.6.3
Check: installed package size
Result: NOTE
     installed size is 6.1Mb
     sub-directories of 1Mb or more:
     doc 3.6Mb
     libs 1.9Mb
Flavors: r-devel-linux-x86_64-fedora-clang, r-devel-windows-x86_64-new-UL, r-release-macos-arm64, r-release-macos-x86_64, r-release-windows-ix86+x86_64, r-oldrel-windows-ix86+x86_64

Version: 0.6.3
Check: package dependencies
Result: NOTE
    Package suggested but not available for checking: ‘HiTC’
Flavor: r-release-macos-x86_64

Version: 0.6.3
Check: package dependencies
Result: ERROR
    Package required but not available: ‘sparseMatrixStats’
    
    Package suggested but not available for checking: ‘HiTC’
    
    See section ‘The DESCRIPTION file’ in the ‘Writing R Extensions’
    manual.
Flavor: r-oldrel-macos-x86_64