Last updated on 2023-09-25 17:01:55 CEST.
Flavor | Version | Tinstall | Tcheck | Ttotal | Status | Flags |
---|---|---|---|---|---|---|
r-devel-linux-x86_64-debian-clang | 0.10.1 | 14.92 | 493.15 | 508.07 | OK | |
r-devel-linux-x86_64-debian-gcc | 0.10.1 | 9.98 | 357.33 | 367.31 | OK | |
r-devel-linux-x86_64-fedora-clang | 0.10.1 | 587.81 | NOTE | |||
r-devel-linux-x86_64-fedora-gcc | 0.10.1 | 661.08 | OK | |||
r-devel-windows-x86_64 | 0.10.1 | 13.00 | 400.00 | 413.00 | OK | |
r-patched-linux-x86_64 | 0.10.1 | 13.31 | 452.77 | 466.08 | OK | |
r-release-linux-x86_64 | 0.10.1 | 11.89 | 456.25 | 468.14 | OK | |
r-release-macos-arm64 | 0.10.1 | 172.00 | OK | |||
r-release-macos-x86_64 | 0.10.1 | 437.00 | OK | |||
r-release-windows-x86_64 | 0.10.1 | 16.00 | 529.00 | 545.00 | OK | |
r-oldrel-macos-arm64 | 0.10.1 | 170.00 | OK | |||
r-oldrel-macos-x86_64 | 0.10.1 | 228.00 | OK | |||
r-oldrel-windows-x86_64 | 0.10.1 | 16.00 | 525.00 | 541.00 | OK |
Version: 0.10.1
Check: Rd cross-references
Result: NOTE
Undeclared packages ‘timereg’, ‘rms’, ‘ranger’ in Rd xrefs
Flavor: r-devel-linux-x86_64-fedora-clang