CRAN Package Check Results for Package adobeanalyticsr

Last updated on 2022-01-23 18:50:42 CET.

Flavor Version Tinstall Tcheck Ttotal Status Flags
r-devel-linux-x86_64-debian-clang 0.2.1 7.38 66.73 74.11 OK
r-devel-linux-x86_64-debian-gcc 0.2.1 6.42 56.47 62.89 OK
r-devel-linux-x86_64-fedora-clang 0.2.1 89.55 NOTE
r-devel-linux-x86_64-fedora-gcc 0.2.1 75.59 NOTE
r-devel-windows-x86_64-new-UL 0.2.1 134.00 105.00 239.00 OK
r-devel-windows-x86_64-new-TK 0.2.1 NOTE
r-patched-linux-x86_64 0.2.1 7.89 60.57 68.46 OK
r-release-linux-x86_64 0.2.1 4.89 61.28 66.17 OK
r-release-macos-arm64 0.2.1 NOTE
r-release-macos-x86_64 0.2.1 NOTE
r-release-windows-ix86+x86_64 0.2.1 21.00 78.00 99.00 OK
r-oldrel-macos-x86_64 0.1.5 NOTE
r-oldrel-windows-ix86+x86_64 0.2.1 17.00 76.00 93.00 OK

Check Details

Version: 0.2.1
Check: dependencies in R code
Result: NOTE
    Namespaces in Imports field not imported from:
     ‘knitr’ ‘purrrlyr’
     All declared Imports should be used.
Flavors: r-devel-linux-x86_64-fedora-clang, r-devel-linux-x86_64-fedora-gcc, r-devel-windows-x86_64-new-TK, r-release-macos-arm64, r-release-macos-x86_64

Version: 0.1.5
Check: dependencies in R code
Result: NOTE
    Namespaces in Imports field not imported from:
     ‘knitr’ ‘lifecycle’
     All declared Imports should be used.
Flavor: r-oldrel-macos-x86_64