CRAN Package Check Results for Package ads

Last updated on 2020-12-02 00:47:59 CET.

Flavor Version Tinstall Tcheck Ttotal Status Flags
r-devel-linux-x86_64-debian-clang 1.5-4 33.08 124.33 157.41 OK
r-devel-linux-x86_64-debian-gcc 1.5-4 19.72 94.75 114.47 OK
r-devel-linux-x86_64-fedora-clang 1.5-4 188.84 NOTE
r-devel-linux-x86_64-fedora-gcc 1.5-4 181.88 NOTE
r-devel-windows-ix86+x86_64 1.5-4 58.00 218.00 276.00 OK
r-patched-linux-x86_64 1.5-4 21.08 119.25 140.33 OK
r-patched-solaris-x86 1.5-4 276.30 NOTE
r-release-linux-x86_64 1.5-4 21.58 118.82 140.40 OK
r-release-macos-x86_64 1.5-4 NOTE
r-release-windows-ix86+x86_64 1.5-4 45.00 170.00 215.00 OK
r-oldrel-macos-x86_64 1.5-4 NOTE
r-oldrel-windows-ix86+x86_64 1.5-4 46.00 202.00 248.00 OK

Check Details

Version: 1.5-4
Check: dependencies in R code
Result: NOTE
    Namespaces in Imports field not imported from:
     ‘spatstat.data’ ‘spatstat.utils’
     All declared Imports should be used.
Flavors: r-devel-linux-x86_64-fedora-clang, r-devel-linux-x86_64-fedora-gcc, r-patched-solaris-x86, r-release-macos-x86_64, r-oldrel-macos-x86_64