CRAN Package Check Results for Package ads

Last updated on 2021-03-01 00:46:32 CET.

Flavor Version Tinstall Tcheck Ttotal Status Flags
r-devel-linux-x86_64-debian-clang 1.5-4 OK
r-devel-linux-x86_64-debian-gcc 1.5-4 19.44 94.63 114.07 OK
r-devel-linux-x86_64-fedora-clang 1.5-4 192.42 NOTE
r-devel-linux-x86_64-fedora-gcc 1.5-4 183.26 NOTE
r-devel-windows-ix86+x86_64 1.5-4 44.00 166.00 210.00 OK
r-patched-linux-x86_64 1.5-4 21.18 120.70 141.88 OK
r-patched-solaris-x86 1.5-4 282.70 NOTE
r-release-linux-x86_64 1.5-4 20.99 120.31 141.30 OK
r-release-macos-x86_64 1.5-4 NOTE
r-release-windows-ix86+x86_64 1.5-4 56.00 231.00 287.00 OK
r-oldrel-macos-x86_64 1.5-4 NOTE
r-oldrel-windows-ix86+x86_64 1.5-4 37.00 188.00 225.00 OK

Check Details

Version: 1.5-4
Check: dependencies in R code
Result: NOTE
    Namespaces in Imports field not imported from:
     ‘spatstat.data’ ‘spatstat.utils’
     All declared Imports should be used.
Flavors: r-devel-linux-x86_64-fedora-clang, r-devel-linux-x86_64-fedora-gcc, r-patched-solaris-x86, r-release-macos-x86_64, r-oldrel-macos-x86_64