CRAN Package Check Results for Package adsDataHubR

Last updated on 2022-05-26 07:53:15 CEST.

Flavor Version Tinstall Tcheck Ttotal Status Flags
r-devel-linux-x86_64-debian-clang 0.1.1 3.33 39.51 42.84 NOTE
r-devel-linux-x86_64-debian-gcc 0.1.1 2.75 34.19 36.94 NOTE
r-devel-linux-x86_64-fedora-clang 0.1.1 54.75 NOTE
r-devel-linux-x86_64-fedora-gcc 0.1.1 50.50 NOTE
r-devel-windows-x86_64 0.1.1 21.00 55.00 76.00 NOTE
r-patched-linux-x86_64 0.1.1 3.12 37.94 41.06 NOTE
r-release-linux-x86_64 0.1.1 NOTE
r-release-macos-arm64 0.1.1 18.00 NOTE
r-release-macos-x86_64 0.1.1 25.00 NOTE
r-release-windows-x86_64 0.1.1 26.00 53.00 79.00 NOTE
r-oldrel-macos-arm64 0.1.1 27.00 NOTE
r-oldrel-macos-x86_64 0.1.1 29.00 NOTE
r-oldrel-windows-ix86+x86_64 0.1.1 8.00 48.00 56.00 NOTE

Check Details

Version: 0.1.1
Check: LazyData
Result: NOTE
     'LazyData' is specified without a 'data' directory
Flavors: r-devel-linux-x86_64-debian-clang, r-devel-linux-x86_64-debian-gcc, r-devel-linux-x86_64-fedora-clang, r-devel-linux-x86_64-fedora-gcc, r-devel-windows-x86_64, r-patched-linux-x86_64, r-release-linux-x86_64, r-release-macos-arm64, r-release-macos-x86_64, r-release-windows-x86_64, r-oldrel-macos-arm64, r-oldrel-macos-x86_64, r-oldrel-windows-ix86+x86_64