CRAN Package Check Results for Package adventr

Last updated on 2020-12-02 00:47:59 CET.

Flavor Version Tinstall Tcheck Ttotal Status Flags
r-devel-linux-x86_64-debian-clang 0.1.8 6.80 37.34 44.14 OK
r-devel-linux-x86_64-debian-gcc 0.1.8 4.66 29.06 33.72 OK
r-devel-linux-x86_64-fedora-clang 0.1.8 58.47 NOTE
r-devel-linux-x86_64-fedora-gcc 0.1.8 48.94 NOTE
r-devel-windows-ix86+x86_64 0.1.8 14.00 56.00 70.00 NOTE
r-patched-linux-x86_64 0.1.8 4.01 36.10 40.11 OK
r-patched-solaris-x86 0.1.8 72.00 NOTE
r-release-linux-x86_64 0.1.8 3.91 35.76 39.67 OK
r-release-macos-x86_64 0.1.8 NOTE
r-release-windows-ix86+x86_64 0.1.8 13.00 42.00 55.00 NOTE
r-oldrel-macos-x86_64 0.1.8 NOTE
r-oldrel-windows-ix86+x86_64 0.1.8 10.00 55.00 65.00 NOTE

Check Details

Version: 0.1.8
Check: installed package size
Result: NOTE
     installed size is 5.8Mb
     sub-directories of 1Mb or more:
     tutorials 5.6Mb
Flavors: r-devel-linux-x86_64-fedora-clang, r-devel-windows-ix86+x86_64, r-patched-solaris-x86, r-release-macos-x86_64, r-release-windows-ix86+x86_64, r-oldrel-macos-x86_64, r-oldrel-windows-ix86+x86_64

Version: 0.1.8
Check: dependencies in R code
Result: NOTE
    Namespaces in Imports field not imported from:
     ‘BayesFactor’ ‘GGally’ ‘Hmisc’ ‘WRS2’ ‘boot’ ‘car’ ‘dplyr’ ‘effects’
     ‘effsize’ ‘forcats’ ‘ggplot2’ ‘lm.beta’ ‘nlme’ ‘readr’ ‘robust’
     ‘sandwich’ ‘sjstats’ ‘tidyr’
     All declared Imports should be used.
Flavors: r-devel-linux-x86_64-fedora-clang, r-devel-linux-x86_64-fedora-gcc, r-patched-solaris-x86, r-release-macos-x86_64, r-oldrel-macos-x86_64