CRAN Package Check Results for Package afdx

Last updated on 2022-06-30 09:52:35 CEST.

Flavor Version Tinstall Tcheck Ttotal Status Flags
r-devel-linux-x86_64-debian-clang 1.1.1 5.77 86.34 92.11 OK
r-devel-linux-x86_64-debian-gcc 1.1.1 4.29 63.82 68.11 OK
r-devel-linux-x86_64-fedora-clang 1.1.1 123.60 OK
r-devel-linux-x86_64-fedora-gcc 1.1.1 118.19 OK
r-devel-windows-x86_64 1.1.1 12.00 120.00 132.00 OK
r-patched-linux-x86_64 1.1.1 5.46 79.50 84.96 OK
r-release-linux-x86_64 1.1.1 5.51 81.35 86.86 OK
r-release-macos-arm64 1.1.1 34.00 OK
r-release-macos-x86_64 1.1.1 66.00 NOTE
r-release-windows-x86_64 1.1.1 21.00 117.00 138.00 OK
r-oldrel-macos-arm64 1.1.1 47.00 NOTE
r-oldrel-macos-x86_64 1.1.1 56.00 OK
r-oldrel-windows-ix86+x86_64 1.1.1 16.00 115.00 131.00 OK

Check Details

Version: 1.1.1
Check: package dependencies
Result: NOTE
    Package suggested but not available for checking: ‘rjags’
Flavors: r-release-macos-x86_64, r-oldrel-macos-arm64