CRAN Package Check Results for Package afdx

Last updated on 2022-01-23 17:48:08 CET.

Flavor Version Tinstall Tcheck Ttotal Status Flags
r-devel-linux-x86_64-debian-clang 1.1.1 5.09 77.15 82.24 OK
r-devel-linux-x86_64-debian-gcc 1.1.1 4.54 65.90 70.44 OK
r-devel-linux-x86_64-fedora-clang 1.1.1 100.89 OK
r-devel-linux-x86_64-fedora-gcc 1.1.1 87.75 OK
r-devel-windows-x86_64-new-UL 1.1.1 25.00 105.00 130.00 OK
r-devel-windows-x86_64-new-TK 1.1.1 OK
r-patched-linux-x86_64 1.1.1 3.94 73.97 77.91 OK
r-release-linux-x86_64 1.1.1 3.49 73.83 77.32 OK
r-release-macos-arm64 1.1.1 NOTE
r-release-macos-x86_64 1.1.1 OK
r-release-windows-ix86+x86_64 1.1.1 13.00 90.00 103.00 OK
r-oldrel-macos-x86_64 1.1.1 OK
r-oldrel-windows-ix86+x86_64 1.1.1 13.00 95.00 108.00 OK

Check Details

Version: 1.1.1
Check: package dependencies
Result: NOTE
    Package suggested but not available for checking: ‘rjags’
Flavor: r-release-macos-arm64