CRAN Package Check Results for Package afmToolkit

Last updated on 2021-03-01 00:46:32 CET.

Flavor Version Tinstall Tcheck Ttotal Status Flags
r-devel-linux-x86_64-debian-clang 0.0.1 OK
r-devel-linux-x86_64-debian-gcc 0.0.1 5.90 54.24 60.14 OK
r-devel-linux-x86_64-fedora-clang 0.0.1 107.01 NOTE
r-devel-linux-x86_64-fedora-gcc 0.0.1 89.61 NOTE
r-devel-windows-ix86+x86_64 0.0.1 13.00 65.00 78.00 OK
r-patched-linux-x86_64 0.0.1 6.89 67.00 73.89 OK
r-patched-solaris-x86 0.0.1 125.30 NOTE
r-release-linux-x86_64 0.0.1 6.71 67.13 73.84 OK
r-release-macos-x86_64 0.0.1 NOTE
r-release-windows-ix86+x86_64 0.0.1 18.00 91.00 109.00 OK
r-oldrel-macos-x86_64 0.0.1 NOTE
r-oldrel-windows-ix86+x86_64 0.0.1 10.00 81.00 91.00 OK

Check Details

Version: 0.0.1
Check: dependencies in R code
Result: NOTE
    Namespaces in Imports field not imported from:
     ‘DBI’ ‘assertthat’ ‘tibble’
     All declared Imports should be used.
Flavors: r-devel-linux-x86_64-fedora-clang, r-devel-linux-x86_64-fedora-gcc, r-patched-solaris-x86, r-release-macos-x86_64, r-oldrel-macos-x86_64