CRAN Package Check Results for Package afmToolkit

Last updated on 2020-12-04 01:50:56 CET.

Flavor Version Tinstall Tcheck Ttotal Status Flags
r-devel-linux-x86_64-debian-clang 0.0.1 8.43 61.52 69.95 OK
r-devel-linux-x86_64-debian-gcc 0.0.1 6.05 51.81 57.86 OK
r-devel-linux-x86_64-fedora-clang 0.0.1 96.90 NOTE
r-devel-linux-x86_64-fedora-gcc 0.0.1 83.52 NOTE
r-devel-windows-ix86+x86_64 0.0.1 14.00 79.00 93.00 OK
r-patched-linux-x86_64 0.0.1 6.58 63.13 69.71 OK
r-patched-solaris-x86 0.0.1 118.20 NOTE
r-release-linux-x86_64 0.0.1 8.23 62.46 70.69 OK
r-release-macos-x86_64 0.0.1 NOTE
r-release-windows-ix86+x86_64 0.0.1 11.00 63.00 74.00 OK
r-oldrel-macos-x86_64 0.0.1 NOTE
r-oldrel-windows-ix86+x86_64 0.0.1 10.00 80.00 90.00 OK

Check Details

Version: 0.0.1
Check: dependencies in R code
Result: NOTE
    Namespaces in Imports field not imported from:
     ‘DBI’ ‘assertthat’ ‘tibble’
     All declared Imports should be used.
Flavors: r-devel-linux-x86_64-fedora-clang, r-devel-linux-x86_64-fedora-gcc, r-patched-solaris-x86, r-release-macos-x86_64, r-oldrel-macos-x86_64