Last updated on 2023-03-24 21:59:42 CET.
Flavor | Version | Tinstall | Tcheck | Ttotal | Status | Flags |
---|---|---|---|---|---|---|
r-devel-linux-x86_64-debian-clang | 4.2.1.1 | 111.89 | 103.38 | 215.27 | OK | |
r-devel-linux-x86_64-debian-gcc | 4.2.1.1 | 62.72 | 78.18 | 140.90 | OK | |
r-devel-linux-x86_64-fedora-clang | 4.2.1.1 | 260.62 | OK | |||
r-devel-linux-x86_64-fedora-gcc | 4.2.1.1 | 224.76 | OK | |||
r-devel-windows-x86_64 | 4.2.1.1 | 58.00 | 150.00 | 208.00 | NOTE | |
r-patched-linux-x86_64 | 4.2.1.1 | 64.69 | 95.70 | 160.39 | OK | |
r-release-linux-x86_64 | 4.2.1.1 | 55.51 | 96.85 | 152.36 | OK | |
r-release-macos-arm64 | 4.2.1.1 | 63.00 | NOTE | |||
r-release-macos-x86_64 | 4.2.1.1 | 85.00 | NOTE | |||
r-release-windows-x86_64 | 4.2.1.1 | 67.00 | 147.00 | 214.00 | OK | |
r-oldrel-macos-arm64 | 4.2.1.1 | 64.00 | NOTE | |||
r-oldrel-macos-x86_64 | 4.2.1.1 | 88.00 | NOTE | |||
r-oldrel-windows-ix86+x86_64 | 4.2.1.1 | 156.00 | 172.00 | 328.00 | OK |
Version: 4.2.1.1
Check: C++ specification
Result: NOTE
Specified C++11: please drop specification unless essential
Flavor: r-devel-windows-x86_64
Version: 4.2.1.1
Check: installed package size
Result: NOTE
installed size is 8.1Mb
sub-directories of 1Mb or more:
libs 8.0Mb
Flavors: r-release-macos-arm64, r-release-macos-x86_64, r-oldrel-macos-arm64, r-oldrel-macos-x86_64