CRAN Package Check Results for Package agRee

Last updated on 2022-12-09 14:52:30 CET.

Flavor Version Tinstall Tcheck Ttotal Status Flags
r-devel-linux-x86_64-debian-clang 0.5-3 11.23 96.07 107.30 OK
r-devel-linux-x86_64-debian-gcc 0.5-3 9.41 76.45 85.86 OK
r-devel-linux-x86_64-fedora-clang 0.5-3 147.31 NOTE
r-devel-linux-x86_64-fedora-gcc 0.5-3 142.21 OK
r-devel-windows-x86_64 0.5-3 19.00 124.00 143.00 OK
r-patched-linux-x86_64 0.5-3 13.61 93.92 107.53 OK
r-release-linux-x86_64 0.5-3 7.69 94.23 101.92 OK
r-release-macos-arm64 0.5-3 47.00 OK
r-release-macos-x86_64 0.5-3 60.00 OK
r-release-windows-x86_64 0.5-3 20.00 123.00 143.00 OK
r-oldrel-macos-arm64 0.5-3 30.00 OK
r-oldrel-macos-x86_64 0.5-3 67.00 OK
r-oldrel-windows-ix86+x86_64 0.5-3 27.00 114.00 141.00 OK

Check Details

Version: 0.5-3
Check: Rd cross-references
Result: NOTE
    Undeclared packages ‘epiR’, ‘cccrm’ in Rd xrefs
Flavor: r-devel-linux-x86_64-fedora-clang