CRAN Package Check Results for Package agricolaeplotr

Last updated on 2022-05-26 07:53:15 CEST.

Flavor Version Tinstall Tcheck Ttotal Status Flags
r-devel-linux-x86_64-debian-clang 0.2.2 9.99 131.40 141.39 OK
r-devel-linux-x86_64-debian-gcc 0.2.2 8.19 108.01 116.20 OK
r-devel-linux-x86_64-fedora-clang 0.2.2 170.36 NOTE
r-devel-linux-x86_64-fedora-gcc 0.2.2 167.01 NOTE
r-devel-windows-x86_64 0.2.2 58.00 153.00 211.00 OK
r-patched-linux-x86_64 0.2.2 8.81 120.36 129.17 OK
r-release-linux-x86_64 0.2.2 OK
r-release-macos-arm64 0.2.2 53.00 NOTE
r-release-macos-x86_64 0.2.2 86.00 NOTE
r-release-windows-x86_64 0.2.2 48.00 151.00 199.00 OK
r-oldrel-macos-arm64 0.2.2 67.00 NOTE
r-oldrel-macos-x86_64 0.2.2 65.00 NOTE
r-oldrel-windows-ix86+x86_64 0.2.2 23.00 136.00 159.00 OK

Check Details

Version: 0.2.2
Check: dependencies in R code
Result: NOTE
    Namespace in Imports field not imported from: ‘rmarkdown’
     All declared Imports should be used.
Flavors: r-devel-linux-x86_64-fedora-clang, r-devel-linux-x86_64-fedora-gcc, r-release-macos-arm64, r-release-macos-x86_64, r-oldrel-macos-arm64, r-oldrel-macos-x86_64