CRAN Package Check Results for Package ahnr

Last updated on 2023-03-30 08:53:30 CEST.

Flavor Version Tinstall Tcheck Ttotal Status Flags
r-devel-linux-x86_64-debian-clang 0.3.1 5.30 147.08 152.38 NOTE
r-devel-linux-x86_64-debian-gcc 0.3.1 4.53 101.03 105.56 NOTE
r-devel-linux-x86_64-fedora-clang 0.3.1 180.09 NOTE
r-devel-linux-x86_64-fedora-gcc 0.3.1 182.35 NOTE
r-devel-windows-x86_64 0.3.1 17.00 159.00 176.00 NOTE
r-patched-linux-x86_64 0.3.1 5.96 137.26 143.22 NOTE
r-release-linux-x86_64 0.3.1 4.85 134.87 139.72 NOTE
r-release-macos-arm64 0.3.1 47.00 NOTE
r-release-macos-x86_64 0.3.1 64.00 NOTE
r-release-windows-x86_64 0.3.1 14.00 159.00 173.00 NOTE
r-oldrel-macos-arm64 0.3.1 86.00 NOTE
r-oldrel-macos-x86_64 0.3.1 71.00 NOTE
r-oldrel-windows-ix86+x86_64 0.3.1 15.00 176.00 191.00 NOTE

Check Details

Version: 0.3.1
Check: LazyData
Result: NOTE
     'LazyData' is specified without a 'data' directory
Flavors: r-devel-linux-x86_64-debian-clang, r-devel-linux-x86_64-debian-gcc, r-devel-linux-x86_64-fedora-clang, r-devel-linux-x86_64-fedora-gcc, r-devel-windows-x86_64, r-patched-linux-x86_64, r-release-linux-x86_64, r-release-macos-arm64, r-release-macos-x86_64, r-release-windows-x86_64, r-oldrel-macos-arm64, r-oldrel-macos-x86_64, r-oldrel-windows-ix86+x86_64