CRAN Package Check Results for Package ahpsurvey

Last updated on 2020-12-01 23:48:21 CET.

Flavor Version Tinstall Tcheck Ttotal Status Flags
r-devel-linux-x86_64-debian-clang 0.4.1 7.22 93.98 101.20 OK
r-devel-linux-x86_64-debian-gcc 0.4.1 4.97 68.01 72.98 OK
r-devel-linux-x86_64-fedora-clang 0.4.1 116.75 NOTE
r-devel-linux-x86_64-fedora-gcc 0.4.1 114.45 NOTE
r-devel-windows-ix86+x86_64 0.4.1 13.00 113.00 126.00 OK
r-patched-linux-x86_64 0.4.1 5.60 89.16 94.76 OK
r-patched-solaris-x86 0.4.1 145.90 NOTE
r-release-linux-x86_64 0.4.1 6.01 88.14 94.15 OK
r-release-macos-x86_64 0.4.1 NOTE
r-release-windows-ix86+x86_64 0.4.1 9.00 91.00 100.00 OK
r-oldrel-macos-x86_64 0.4.1 NOTE
r-oldrel-windows-ix86+x86_64 0.4.1 7.00 116.00 123.00 OK

Check Details

Version: 0.4.1
Check: dependencies in R code
Result: NOTE
    Namespaces in Imports field not imported from:
     ‘knitr’ ‘randomNames’ ‘tidyr’
     All declared Imports should be used.
Flavors: r-devel-linux-x86_64-fedora-clang, r-devel-linux-x86_64-fedora-gcc, r-patched-solaris-x86, r-release-macos-x86_64, r-oldrel-macos-x86_64