CRAN Package Check Results for Package aiRthermo

Last updated on 2020-12-04 01:50:56 CET.

Flavor Version Tinstall Tcheck Ttotal Status Flags
r-devel-linux-x86_64-debian-clang 1.2.1 4.58 31.22 35.80 NOTE
r-devel-linux-x86_64-debian-gcc 1.2.1 2.38 25.08 27.46 NOTE
r-devel-linux-x86_64-fedora-clang 1.2.1 50.47 NOTE
r-devel-linux-x86_64-fedora-gcc 1.2.1 41.08 NOTE
r-devel-windows-ix86+x86_64 1.2.1 13.00 58.00 71.00 OK
r-patched-linux-x86_64 1.2.1 4.41 30.47 34.88 NOTE
r-patched-solaris-x86 1.2.1 58.60 NOTE
r-release-linux-x86_64 1.2.1 4.47 30.44 34.91 NOTE
r-release-macos-x86_64 1.2.1 OK
r-release-windows-ix86+x86_64 1.2.1 11.00 59.00 70.00 OK
r-oldrel-macos-x86_64 1.2.1 OK
r-oldrel-windows-ix86+x86_64 1.2.1 11.00 65.00 76.00 OK

Check Details

Version: 1.2.1
Check: for non-standard things in the check directory
Result: NOTE
    Found the following files/directories:
     'stuve.pdf'
Flavors: r-devel-linux-x86_64-debian-clang, r-devel-linux-x86_64-debian-gcc, r-devel-linux-x86_64-fedora-clang, r-devel-linux-x86_64-fedora-gcc, r-patched-linux-x86_64, r-patched-solaris-x86, r-release-linux-x86_64