CRAN Package Check Results for Package aimPlot

Last updated on 2024-05-25 18:56:51 CEST.

Flavor Version Tinstall Tcheck Ttotal Status Flags
r-devel-linux-x86_64-debian-clang 1.0.0 1.90 25.34 27.24 NOTE
r-devel-linux-x86_64-debian-gcc 1.0.0 1.67 19.31 20.98 NOTE
r-devel-linux-x86_64-fedora-clang 1.0.0 34.43 NOTE
r-devel-linux-x86_64-fedora-gcc 1.0.0 32.67 NOTE
r-devel-windows-x86_64 1.0.0 3.00 42.00 45.00 NOTE
r-patched-linux-x86_64 1.0.0 1.82 24.42 26.24 NOTE
r-release-linux-x86_64 1.0.0 1.98 23.98 25.96 NOTE
r-release-macos-arm64 1.0.0 16.00 NOTE
r-release-windows-x86_64 1.0.0 3.00 41.00 44.00 NOTE
r-oldrel-macos-arm64 1.0.0 21.00 OK
r-oldrel-macos-x86_64 1.0.0 21.00 OK
r-oldrel-windows-x86_64 1.0.0 4.00 43.00 47.00 OK

Check Details

Version: 1.0.0
Check: Rd files
Result: NOTE checkRd: (-1) aimPlot.Rd:39: Lost braces; missing escapes or markup? 39 | \item \code{Variable} {1st column: The various aims to be completed} | ^ checkRd: (-1) aimPlot.Rd:40: Lost braces; missing escapes or markup? 40 | \item \code{Percentage} {2nd column: The percentage of completeness} | ^ Flavors: r-devel-linux-x86_64-debian-clang, r-devel-linux-x86_64-debian-gcc, r-devel-linux-x86_64-fedora-clang, r-devel-linux-x86_64-fedora-gcc, r-devel-windows-x86_64, r-patched-linux-x86_64, r-release-linux-x86_64, r-release-macos-arm64, r-release-windows-x86_64