Last updated on 2019-12-11 04:48:08 CET.
Flavor | Version | Tinstall | Tcheck | Ttotal | Status | Flags |
---|---|---|---|---|---|---|
r-devel-linux-x86_64-debian-clang | 0.6-2 | 10.40 | 34.68 | 45.08 | OK | |
r-devel-linux-x86_64-debian-gcc | 0.6-2 | 8.56 | 27.36 | 35.92 | OK | |
r-devel-linux-x86_64-fedora-clang | 0.6-2 | 57.49 | NOTE | |||
r-devel-linux-x86_64-fedora-gcc | 0.6-2 | 56.74 | NOTE | |||
r-devel-windows-ix86+x86_64 | 0.6-2 | 34.00 | 77.00 | 111.00 | OK | |
r-devel-windows-ix86+x86_64-gcc8 | 0.6-2 | 33.00 | 62.00 | 95.00 | OK | |
r-patched-linux-x86_64 | 0.6-2 | 9.58 | 31.90 | 41.48 | OK | |
r-patched-solaris-x86 | 0.6-2 | 70.70 | OK | |||
r-release-linux-x86_64 | 0.6-2 | 9.88 | 31.80 | 41.68 | OK | |
r-release-windows-ix86+x86_64 | 0.6-2 | 29.00 | 55.00 | 84.00 | OK | |
r-release-osx-x86_64 | 0.6-2 | OK | ||||
r-oldrel-windows-ix86+x86_64 | 0.6-2 | 26.00 | 86.00 | 112.00 | OK | |
r-oldrel-osx-x86_64 | 0.6-2 | OK |
Version: 0.6-2
Check: compiled code
Result: NOTE
File ‘akima/libs/akima.so’:
Found no call to: ‘R_useDynamicSymbols’
It is good practice to register native routines and to disable symbol
search.
See ‘Writing portable packages’ in the ‘Writing R Extensions’ manual.
Flavors: r-devel-linux-x86_64-fedora-clang, r-devel-linux-x86_64-fedora-gcc