Last updated on 2023-01-29 06:51:52 CET.
Flavor | Version | Tinstall | Tcheck | Ttotal | Status | Flags |
---|---|---|---|---|---|---|
r-devel-linux-x86_64-debian-clang | 1.2.1 | 62.99 | 663.36 | 726.35 | OK | |
r-devel-linux-x86_64-debian-gcc | 1.2.1 | 53.34 | 494.88 | 548.22 | NOTE | |
r-devel-linux-x86_64-fedora-clang | 1.2.1 | 945.55 | OK | |||
r-devel-linux-x86_64-fedora-gcc | 1.2.1 | 920.44 | NOTE | |||
r-devel-windows-x86_64 | 1.2.1 | 117.00 | 834.00 | 951.00 | NOTE | |
r-patched-linux-x86_64 | 1.2.1 | 67.56 | 628.25 | 695.81 | OK | |
r-release-linux-x86_64 | 1.2.1 | 47.44 | 541.30 | 588.74 | OK | |
r-release-macos-arm64 | 1.2.1 | 230.00 | OK | |||
r-release-macos-x86_64 | 1.2.1 | 262.00 | OK | |||
r-release-windows-x86_64 | 1.2.1 | 106.00 | 704.00 | 810.00 | OK | |
r-oldrel-macos-arm64 | 1.2.1 | 228.00 | OK | |||
r-oldrel-macos-x86_64 | 1.2.1 | 305.00 | OK | |||
r-oldrel-windows-ix86+x86_64 | 1.2.1 | 144.00 | 960.00 | 1104.00 | OK |
Version: 1.2.1
Check: C++ specification
Result: NOTE
Specified C++11: please update to current default of C++17
Flavors: r-devel-linux-x86_64-debian-gcc, r-devel-linux-x86_64-fedora-gcc, r-devel-windows-x86_64