CRAN Package Check Results for Package algaeClassify

Last updated on 2020-12-01 23:48:21 CET.

Flavor Version Tinstall Tcheck Ttotal Status Flags
r-devel-linux-x86_64-debian-clang 1.2.0 7.16 46.03 53.19 OK
r-devel-linux-x86_64-debian-gcc 1.2.0 4.93 37.16 42.09 OK
r-devel-linux-x86_64-fedora-clang 1.2.0 68.40 NOTE
r-devel-linux-x86_64-fedora-gcc 1.2.0 58.87 NOTE
r-devel-windows-ix86+x86_64 1.2.0 12.00 70.00 82.00 OK
r-patched-linux-x86_64 1.2.0 6.49 44.98 51.47 OK
r-patched-solaris-x86 1.2.0 85.70 NOTE
r-release-linux-x86_64 1.2.0 6.52 43.56 50.08 OK
r-release-macos-x86_64 1.2.0 NOTE
r-release-windows-ix86+x86_64 1.2.0 12.00 52.00 64.00 OK
r-oldrel-macos-x86_64 1.2.0 NOTE
r-oldrel-windows-ix86+x86_64 1.2.0 9.00 65.00 74.00 OK

Check Details

Version: 1.2.0
Check: dependencies in R code
Result: NOTE
    Namespace in Imports field not imported from: ‘taxize’
     All declared Imports should be used.
Flavors: r-devel-linux-x86_64-fedora-clang, r-devel-linux-x86_64-fedora-gcc, r-patched-solaris-x86, r-release-macos-x86_64, r-oldrel-macos-x86_64