CRAN Package Check Results for Package aliases2entrez

Last updated on 2020-12-02 00:47:59 CET.

Flavor Version Tinstall Tcheck Ttotal Status Flags
r-devel-linux-x86_64-debian-clang 0.1.1 20.54 137.88 158.42 OK
r-devel-linux-x86_64-debian-gcc 0.1.1 15.09 104.81 119.90 OK
r-devel-linux-x86_64-fedora-clang 0.1.1 190.41 OK
r-devel-linux-x86_64-fedora-gcc 0.1.1 182.62 OK
r-devel-windows-ix86+x86_64 0.1.1 37.00 155.00 192.00 OK
r-patched-linux-x86_64 0.1.1 14.71 129.10 143.81 OK
r-patched-solaris-x86 0.1.1 262.00 OK
r-release-linux-x86_64 0.1.1 16.91 129.28 146.19 OK
r-release-macos-x86_64 0.1.1 OK
r-release-windows-ix86+x86_64 0.1.1 25.00 120.00 145.00 OK
r-oldrel-macos-x86_64 0.1.1 ERROR
r-oldrel-windows-ix86+x86_64 0.1.1 28.00 142.00 170.00 OK

Check Details

Version: 0.1.1
Check: package dependencies
Result: ERROR
    Package required but not available: ‘org.Hs.eg.db’
    
    See section ‘The DESCRIPTION file’ in the ‘Writing R Extensions’
    manual.
Flavor: r-oldrel-macos-x86_64