CRAN Package Check Results for Package alineR

Last updated on 2020-12-04 00:48:16 CET.

Flavor Version Tinstall Tcheck Ttotal Status Flags
r-devel-linux-x86_64-debian-clang 1.1.4 5.02 27.47 32.49 NOTE
r-devel-linux-x86_64-debian-gcc 1.1.4 3.23 22.42 25.65 NOTE
r-devel-linux-x86_64-fedora-clang 1.1.4 47.97 NOTE
r-devel-linux-x86_64-fedora-gcc 1.1.4 36.14 NOTE
r-devel-windows-ix86+x86_64 1.1.4 15.00 47.00 62.00 OK
r-patched-linux-x86_64 1.1.4 4.45 25.56 30.01 NOTE
r-patched-solaris-x86 1.1.4 53.20 NOTE
r-release-linux-x86_64 1.1.4 4.52 26.31 30.83 NOTE
r-release-macos-x86_64 1.1.4 OK
r-release-windows-ix86+x86_64 1.1.4 13.00 44.00 57.00 OK
r-oldrel-macos-x86_64 1.1.4 OK
r-oldrel-windows-ix86+x86_64 1.1.4 13.00 62.00 75.00 OK

Additional issues

valgrind

Check Details

Version: 1.1.4
Check: for non-standard things in the check directory
Result: NOTE
    Found the following files/directories:
     'candidate_alignments.csv' 'open.with.excel.csv'
Flavors: r-devel-linux-x86_64-debian-clang, r-devel-linux-x86_64-debian-gcc, r-devel-linux-x86_64-fedora-clang, r-devel-linux-x86_64-fedora-gcc, r-patched-linux-x86_64, r-patched-solaris-x86, r-release-linux-x86_64