Last updated on 2023-11-30 05:50:43 CET.
Flavor | Version | Tinstall | Tcheck | Ttotal | Status | Flags |
---|---|---|---|---|---|---|
r-devel-linux-x86_64-debian-clang | 0.2.3 | 12.14 | 180.33 | 192.47 | NOTE | |
r-devel-linux-x86_64-debian-gcc | 0.2.3 | 8.74 | 133.41 | 142.15 | NOTE | |
r-devel-linux-x86_64-fedora-clang | 0.2.3 | 232.49 | OK | |||
r-devel-linux-x86_64-fedora-gcc | 0.2.3 | 235.61 | OK | |||
r-devel-windows-x86_64 | 0.2.3 | 9.00 | 160.00 | 169.00 | OK | |
r-patched-linux-x86_64 | 0.2.3 | 10.31 | 174.32 | 184.63 | OK | |
r-release-linux-x86_64 | 0.2.3 | 7.81 | 170.25 | 178.06 | OK | |
r-release-macos-arm64 | 0.2.3 | 81.00 | OK | |||
r-release-macos-x86_64 | 0.2.3 | 148.00 | OK | |||
r-release-windows-x86_64 | 0.2.3 | 14.00 | 196.00 | 210.00 | OK | |
r-oldrel-macos-arm64 | 0.2.3 | 83.00 | OK | |||
r-oldrel-macos-x86_64 | 0.2.3 | 98.00 | OK | |||
r-oldrel-windows-x86_64 | 0.2.3 | 13.00 | 204.00 | 217.00 | OK |
Version: 0.2.3
Check: Rd files
Result: NOTE
checkRd: (-1) allestimates.Rd:25: Lost braces in \itemize; meant \describe ?
checkRd: (-1) allestimates.Rd:26: Lost braces in \itemize; meant \describe ?
checkRd: (-1) allestimates.Rd:27: Lost braces in \itemize; meant \describe ?
checkRd: (-1) allestimates.Rd:28: Lost braces in \itemize; meant \describe ?
Flavors: r-devel-linux-x86_64-debian-clang, r-devel-linux-x86_64-debian-gcc