CRAN Package Check Results for Package almanac

Last updated on 2022-01-27 13:49:41 CET.

Flavor Version Tinstall Tcheck Ttotal Status Flags
r-devel-linux-x86_64-debian-clang 0.1.1 11.91 157.99 169.90 NOTE
r-devel-linux-x86_64-debian-gcc 0.1.1 7.51 109.31 116.82 NOTE
r-devel-linux-x86_64-fedora-clang 0.1.1 213.99 NOTE
r-devel-linux-x86_64-fedora-gcc 0.1.1 194.00 NOTE
r-devel-windows-x86_64-new-UL 0.1.1 86.00 166.00 252.00 NOTE
r-devel-windows-x86_64-new-TK 0.1.1 NOTE
r-patched-linux-x86_64 0.1.1 10.19 151.20 161.39 NOTE
r-release-linux-x86_64 0.1.1 10.69 152.60 163.29 NOTE
r-release-macos-arm64 0.1.1 NOTE
r-release-macos-x86_64 0.1.1 NOTE
r-release-windows-ix86+x86_64 0.1.1 30.00 298.00 328.00 NOTE
r-oldrel-macos-x86_64 0.1.1 OK
r-oldrel-windows-ix86+x86_64 0.1.1 31.00 299.00 330.00 OK

Check Details

Version: 0.1.1
Check: LazyData
Result: NOTE
     'LazyData' is specified without a 'data' directory
Flavors: r-devel-linux-x86_64-debian-clang, r-devel-linux-x86_64-debian-gcc, r-devel-linux-x86_64-fedora-clang, r-devel-linux-x86_64-fedora-gcc, r-devel-windows-x86_64-new-UL, r-devel-windows-x86_64-new-TK, r-patched-linux-x86_64, r-release-linux-x86_64, r-release-macos-arm64, r-release-macos-x86_64, r-release-windows-ix86+x86_64