CRAN Package Check Results for Package alphastable

Last updated on 2021-04-10 20:49:01 CEST.

Flavor Version Tinstall Tcheck Ttotal Status Flags
r-devel-linux-x86_64-debian-clang 0.2.1 5.96 38.32 44.28 NOTE
r-devel-linux-x86_64-debian-gcc 0.2.1 4.55 29.22 33.77 NOTE
r-devel-linux-x86_64-fedora-clang 0.2.1 60.40 NOTE
r-devel-linux-x86_64-fedora-gcc 0.2.1 49.54 NOTE
r-devel-windows-ix86+x86_64 0.2.1 8.00 40.00 48.00 NOTE
r-devel-windows-x86_64-gcc10-UCRT 0.2.1 NOTE
r-patched-linux-x86_64 0.2.1 4.88 35.51 40.39 OK
r-patched-solaris-x86 0.2.1 73.00 OK
r-release-linux-x86_64 0.2.1 5.83 35.87 41.70 OK
r-release-macos-x86_64 0.2.1 OK
r-release-windows-ix86+x86_64 0.2.1 8.00 56.00 64.00 OK
r-oldrel-macos-x86_64 0.2.1 OK
r-oldrel-windows-ix86+x86_64 0.2.1 9.00 52.00 61.00 OK

Check Details

Version: 0.2.1
Check: LazyData
Result: NOTE
     'LazyData' is specified without a 'data' directory
Flavors: r-devel-linux-x86_64-debian-clang, r-devel-linux-x86_64-debian-gcc, r-devel-linux-x86_64-fedora-clang, r-devel-linux-x86_64-fedora-gcc, r-devel-windows-ix86+x86_64, r-devel-windows-x86_64-gcc10-UCRT