CRAN Package Check Results for Package altadata

Last updated on 2023-03-29 19:53:14 CEST.

Flavor Version Tinstall Tcheck Ttotal Status Flags
r-devel-linux-x86_64-debian-clang 0.1.1 2.13 21.13 23.26 NOTE
r-devel-linux-x86_64-debian-gcc 0.1.1 1.86 16.84 18.70 NOTE
r-devel-linux-x86_64-fedora-clang 0.1.1 30.23 NOTE
r-devel-linux-x86_64-fedora-gcc 0.1.1 28.13 NOTE
r-devel-windows-x86_64 0.1.1 16.00 0.00 16.00 NOTE
r-patched-linux-x86_64 0.1.1 2.49 20.63 23.12 NOTE
r-release-linux-x86_64 0.1.1 2.19 21.79 23.98 NOTE
r-release-macos-arm64 0.1.1 14.00 NOTE
r-release-macos-x86_64 0.1.1 19.00 NOTE
r-release-windows-x86_64 0.1.1 16.00 50.00 66.00 NOTE
r-oldrel-macos-arm64 0.1.1 23.00 NOTE
r-oldrel-macos-x86_64 0.1.1 22.00 NOTE
r-oldrel-windows-ix86+x86_64 0.1.1 6.00 49.00 55.00 NOTE

Check Details

Version: 0.1.1
Check: LazyData
Result: NOTE
     'LazyData' is specified without a 'data' directory
Flavors: r-devel-linux-x86_64-debian-clang, r-devel-linux-x86_64-debian-gcc, r-devel-linux-x86_64-fedora-clang, r-devel-linux-x86_64-fedora-gcc, r-devel-windows-x86_64, r-patched-linux-x86_64, r-release-linux-x86_64, r-release-macos-arm64, r-release-macos-x86_64, r-release-windows-x86_64, r-oldrel-macos-arm64, r-oldrel-macos-x86_64, r-oldrel-windows-ix86+x86_64