CRAN Package Check Results for Package altfuelr

Last updated on 2022-05-26 20:48:56 CEST.

Flavor Version Tinstall Tcheck Ttotal Status Flags
r-devel-linux-x86_64-debian-clang 0.1.0 5.00 37.77 42.77 OK
r-devel-linux-x86_64-debian-gcc 0.1.0 4.84 32.95 37.79 OK
r-devel-linux-x86_64-fedora-clang 0.1.0 59.70 NOTE
r-devel-linux-x86_64-fedora-gcc 0.1.0 52.78 NOTE
r-devel-windows-x86_64 0.1.0 21.00 55.00 76.00 OK
r-patched-linux-x86_64 0.1.0 5.68 36.95 42.63 OK
r-release-linux-x86_64 0.1.0 5.23 37.20 42.43 OK
r-release-macos-arm64 0.1.0 21.00 NOTE
r-release-macos-x86_64 0.1.0 29.00 NOTE
r-release-windows-x86_64 0.1.0 15.00 55.00 70.00 OK
r-oldrel-macos-arm64 0.1.0 35.00 NOTE
r-oldrel-macos-x86_64 0.1.0 41.00 NOTE
r-oldrel-windows-ix86+x86_64 0.1.0 12.00 49.00 61.00 OK

Check Details

Version: 0.1.0
Check: data for non-ASCII characters
Result: NOTE
     Note: found 171 marked UTF-8 strings
Flavors: r-devel-linux-x86_64-fedora-clang, r-devel-linux-x86_64-fedora-gcc, r-release-macos-arm64, r-release-macos-x86_64, r-oldrel-macos-arm64, r-oldrel-macos-x86_64