CRAN Package Check Results for Package amapGeocode

Last updated on 2022-05-25 07:50:14 CEST.

Flavor Version Tinstall Tcheck Ttotal Status Flags
r-devel-linux-x86_64-debian-clang 0.6.0 1.98 39.78 41.76 OK
r-devel-linux-x86_64-debian-gcc 0.6.0 1.94 30.75 32.69 OK
r-devel-linux-x86_64-fedora-clang 0.6.0 52.67 NOTE
r-devel-linux-x86_64-fedora-gcc 0.6.0 49.75 NOTE
r-devel-windows-x86_64 0.6.0 20.00 67.00 87.00 OK
r-patched-linux-x86_64 0.6.0 2.51 38.48 40.99 OK
r-release-linux-x86_64 0.6.0 OK
r-release-macos-arm64 0.6.0 19.00 NOTE
r-release-macos-x86_64 0.6.0 25.00 NOTE
r-release-windows-x86_64 0.6.0 34.00 66.00 100.00 OK
r-oldrel-macos-arm64 0.6.0 26.00 NOTE
r-oldrel-macos-x86_64 0.6.0 35.00 NOTE
r-oldrel-windows-ix86+x86_64 0.6.0 8.00 50.00 58.00 OK

Check Details

Version: 0.6.0
Check: dependencies in R code
Result: NOTE
    Namespace in Imports field not imported from: ‘jsonlite’
     All declared Imports should be used.
Flavors: r-devel-linux-x86_64-fedora-clang, r-devel-linux-x86_64-fedora-gcc, r-release-macos-arm64, r-release-macos-x86_64, r-oldrel-macos-arm64, r-oldrel-macos-x86_64