CRAN Package Check Results for Package amen

Last updated on 2020-12-02 00:47:59 CET.

Flavor Version Tinstall Tcheck Ttotal Status Flags
r-devel-linux-x86_64-debian-clang 1.3 7.85 44.73 52.58 OK --no-vignettes
r-devel-linux-x86_64-debian-gcc 1.3 4.72 34.86 39.58 OK --no-vignettes
r-devel-linux-x86_64-fedora-clang 1.3 68.73 OK --no-vignettes
r-devel-linux-x86_64-fedora-gcc 1.3 59.82 OK --no-vignettes
r-devel-windows-ix86+x86_64 1.3 11.00 42.00 53.00 OK --no-vignettes
r-patched-linux-x86_64 1.3 6.05 44.62 50.67 OK --no-vignettes
r-patched-solaris-x86 1.3 79.50 OK --no-vignettes
r-release-linux-x86_64 1.3 6.27 41.43 47.70 OK --no-vignettes
r-release-macos-x86_64 1.3 FAIL
r-release-windows-ix86+x86_64 1.3 11.00 43.00 54.00 OK --no-vignettes
r-oldrel-macos-x86_64 1.3 FAIL
r-oldrel-windows-ix86+x86_64 1.3 8.00 59.00 67.00 OK --no-vignettes

Check Details

Version: 1.3
Check: re-building of vignette outputs
Result: WARN
    Error(s) in re-building vignettes:
     ...
    --- re-building ‘amen.Rnw’ using knitr
    Loading required package: network
    network: Classes for Relational Data
    Version 1.16.0 created on 2019-11-30.
    copyright (c) 2005, Carter T. Butts, University of California-Irvine
     Mark S. Handcock, University of California -- Los Angeles
     David R. Hunter, Penn State University
     Martina Morris, University of Washington
     Skye Bender-deMoll, University of Washington
     For citation information, type citation("network").
     Type help("network-package") to get started.
    
    
    Execution halted
Flavor: r-release-macos-x86_64

Version: 1.3
Check: PDF version of manual
Result: FAIL
Flavors: r-release-macos-x86_64, r-oldrel-macos-x86_64

Version: 1.3
Check: re-building of vignette outputs
Result: WARN
    Error(s) in re-building vignettes:
     ...
    --- re-building ‘amen.Rnw’ using knitr
    Loading required package: network
    network: Classes for Relational Data
    Version 1.15 created on 2019-04-01.
    copyright (c) 2005, Carter T. Butts, University of California-Irvine
     Mark S. Handcock, University of California -- Los Angeles
     David R. Hunter, Penn State University
     Martina Morris, University of Washington
     Skye Bender-deMoll, University of Washington
     For citation information, type citation("network").
     Type help("network-package") to get started.
    
    
    Execution halted
Flavor: r-oldrel-macos-x86_64