CRAN Package Check Results for Package amerifluxr

Last updated on 2022-08-15 04:50:09 CEST.

Flavor Version Tinstall Tcheck Ttotal Status Flags
r-devel-linux-x86_64-debian-clang 1.0.0 4.14 56.07 60.21 OK
r-devel-linux-x86_64-debian-gcc 1.0.0 3.47 41.59 45.06 OK
r-devel-linux-x86_64-fedora-clang 1.0.0 90.15 NOTE
r-devel-linux-x86_64-fedora-gcc 1.0.0 77.19 NOTE
r-devel-windows-x86_64 1.0.0 40.00 105.00 145.00 OK
r-patched-linux-x86_64 1.0.0 5.03 51.55 56.58 OK
r-release-linux-x86_64 1.0.0 3.00 51.38 54.38 OK
r-release-macos-arm64 1.0.0 48.00 NOTE
r-release-macos-x86_64 1.0.0 67.00 NOTE
r-release-windows-x86_64 1.0.0 39.00 104.00 143.00 OK
r-oldrel-macos-arm64 1.0.0 50.00 NOTE
r-oldrel-macos-x86_64 1.0.0 53.00 NOTE
r-oldrel-windows-ix86+x86_64 1.0.0 13.00 118.00 131.00 OK

Check Details

Version: 1.0.0
Check: data for non-ASCII characters
Result: NOTE
     Note: found 7 marked UTF-8 strings
Flavors: r-devel-linux-x86_64-fedora-clang, r-devel-linux-x86_64-fedora-gcc, r-release-macos-arm64, r-release-macos-x86_64, r-oldrel-macos-arm64, r-oldrel-macos-x86_64