CRAN Package Check Results for Package aml

Last updated on 2022-01-26 02:51:00 CET.

Flavor Version Tinstall Tcheck Ttotal Status Flags
r-devel-linux-x86_64-debian-clang 0.1-1 2.70 54.02 56.72 NOTE
r-devel-linux-x86_64-debian-gcc 0.1-1 1.77 43.74 45.51 NOTE
r-devel-linux-x86_64-fedora-clang 0.1-1 70.48 NOTE
r-devel-linux-x86_64-fedora-gcc 0.1-1 59.40 NOTE
r-devel-windows-x86_64-new-UL 0.1-1 13.00 77.00 90.00 NOTE
r-devel-windows-x86_64-new-TK 0.1-1 NOTE
r-patched-linux-x86_64 0.1-1 1.98 53.53 55.51 NOTE
r-release-linux-x86_64 0.1-1 2.43 53.51 55.94 NOTE
r-release-macos-arm64 0.1-1 NOTE
r-release-macos-x86_64 0.1-1 NOTE
r-release-windows-ix86+x86_64 0.1-1 5.00 68.00 73.00 NOTE
r-oldrel-macos-x86_64 0.1-1 NOTE
r-oldrel-windows-ix86+x86_64 0.1-1 5.00 69.00 74.00 NOTE

Check Details

Version: 0.1-1
Check: R code for possible problems
Result: NOTE
    amltest: no visible global function definition for 'var'
    amltest: no visible global function definition for 'optim'
    amltest: no visible global function definition for 'lm'
    cleanclust: no visible global function definition for 'cor'
    cleanclust: no visible global function definition for 'hclust'
    cleanclust: no visible global function definition for 'as.dist'
    cleanclust: no visible global function definition for 'cutree'
    Undefined global functions or variables:
     as.dist cor cutree hclust lm optim var
    Consider adding
     importFrom("stats", "as.dist", "cor", "cutree", "hclust", "lm",
     "optim", "var")
    to your NAMESPACE file.
Flavors: r-devel-linux-x86_64-debian-clang, r-devel-linux-x86_64-debian-gcc, r-devel-linux-x86_64-fedora-clang, r-devel-linux-x86_64-fedora-gcc, r-devel-windows-x86_64-new-UL, r-devel-windows-x86_64-new-TK, r-patched-linux-x86_64, r-release-linux-x86_64, r-release-macos-arm64, r-release-macos-x86_64, r-release-windows-ix86+x86_64, r-oldrel-macos-x86_64, r-oldrel-windows-ix86+x86_64