CRAN Package Check Results for Package analogsea

Last updated on 2020-12-01 23:48:21 CET.

Flavor Version Tinstall Tcheck Ttotal Status Flags
r-devel-linux-x86_64-debian-clang 0.9.0 6.06 40.46 46.52 OK
r-devel-linux-x86_64-debian-gcc 0.9.0 4.49 32.34 36.83 OK
r-devel-linux-x86_64-fedora-clang 0.9.0 58.97 OK
r-devel-linux-x86_64-fedora-gcc 0.9.0 49.21 OK
r-devel-windows-ix86+x86_64 0.9.0 9.00 57.00 66.00 OK
r-patched-linux-x86_64 0.9.0 5.06 39.84 44.90 OK
r-patched-solaris-x86 0.9.0 73.00 NOTE
r-release-linux-x86_64 0.9.0 5.09 38.73 43.82 OK
r-release-macos-x86_64 0.9.0 OK
r-release-windows-ix86+x86_64 0.9.0 7.00 44.00 51.00 OK
r-oldrel-macos-x86_64 0.9.0 OK
r-oldrel-windows-ix86+x86_64 0.9.0 7.00 57.00 64.00 OK

Check Details

Version: 0.9.0
Check: package dependencies
Result: NOTE
    Package suggested but not available for checking: ‘ssh’
Flavor: r-patched-solaris-x86