CRAN Package Check Results for Package analogueExtra

Last updated on 2020-12-04 01:50:56 CET.

Flavor Version Tinstall Tcheck Ttotal Status Flags
r-devel-linux-x86_64-debian-clang 0.1-1 9.66 79.64 89.30 OK
r-devel-linux-x86_64-debian-gcc 0.1-1 8.48 65.63 74.11 OK
r-devel-linux-x86_64-fedora-clang 0.1-1 115.11 NOTE
r-devel-linux-x86_64-fedora-gcc 0.1-1 103.05 OK
r-devel-windows-ix86+x86_64 0.1-1 22.00 98.00 120.00 OK
r-patched-linux-x86_64 0.1-1 9.83 76.20 86.03 OK
r-patched-solaris-x86 0.1-1 157.20 OK
r-release-linux-x86_64 0.1-1 10.05 74.44 84.49 OK
r-release-macos-x86_64 0.1-1 OK
r-release-windows-ix86+x86_64 0.1-1 16.00 78.00 94.00 OK
r-oldrel-macos-x86_64 0.1-1 WARN
r-oldrel-windows-ix86+x86_64 0.1-1 16.00 91.00 107.00 OK

Check Details

Version: 0.1-1
Check: Rd cross-references
Result: NOTE
    Undeclared package ‘vegan’ in Rd xrefs
Flavor: r-devel-linux-x86_64-fedora-clang

Version: 0.1-1
Check: whether package can be installed
Result: WARN
    Found the following significant warnings:
     Warning: 'rgl_init' failed, running with rgl.useNULL = TRUE
Flavor: r-oldrel-macos-x86_64