CRAN Package Check Results for Package analyz

Last updated on 2020-12-04 01:50:56 CET.

Flavor Version Tinstall Tcheck Ttotal Status Flags
r-devel-linux-x86_64-debian-clang 1.4 3.08 24.10 27.18 NOTE
r-devel-linux-x86_64-debian-gcc 1.4 2.38 20.65 23.03 NOTE
r-devel-linux-x86_64-fedora-clang 1.4 39.41 NOTE
r-devel-linux-x86_64-fedora-gcc 1.4 29.90 NOTE
r-devel-windows-ix86+x86_64 1.4 7.00 37.00 44.00 NOTE
r-patched-linux-x86_64 1.4 2.88 22.90 25.78 NOTE
r-patched-solaris-x86 1.4 48.80 NOTE
r-release-linux-x86_64 1.4 2.85 23.38 26.23 NOTE
r-release-macos-x86_64 1.4 NOTE
r-release-windows-ix86+x86_64 1.4 7.00 37.00 44.00 NOTE
r-oldrel-macos-x86_64 1.4 NOTE
r-oldrel-windows-ix86+x86_64 1.4 5.00 45.00 50.00 NOTE

Check Details

Version: 1.4
Check: R code for possible problems
Result: NOTE
    Analyz.loadSteps,Analyz: no visible global function definition for
     'read.csv'
    Undefined global functions or variables:
     read.csv
    Consider adding
     importFrom("utils", "read.csv")
    to your NAMESPACE file.
Flavors: r-devel-linux-x86_64-debian-clang, r-devel-linux-x86_64-debian-gcc, r-devel-linux-x86_64-fedora-clang, r-devel-linux-x86_64-fedora-gcc, r-devel-windows-ix86+x86_64, r-patched-linux-x86_64, r-patched-solaris-x86, r-release-linux-x86_64, r-release-macos-x86_64, r-release-windows-ix86+x86_64, r-oldrel-macos-x86_64, r-oldrel-windows-ix86+x86_64