CRAN Package Check Results for Package analyzer

Last updated on 2020-12-04 01:50:56 CET.

Flavor Version Tinstall Tcheck Ttotal Status Flags
r-devel-linux-x86_64-debian-clang 1.0.1 6.85 79.05 85.90 OK
r-devel-linux-x86_64-debian-gcc 1.0.1 5.85 60.08 65.93 OK
r-devel-linux-x86_64-fedora-clang 1.0.1 105.33 OK
r-devel-linux-x86_64-fedora-gcc 1.0.1 95.78 OK
r-devel-windows-ix86+x86_64 1.0.1 13.00 98.00 111.00 OK
r-patched-linux-x86_64 1.0.1 6.24 73.83 80.07 OK
r-patched-solaris-x86 1.0.1 130.90 OK
r-release-linux-x86_64 1.0.1 7.58 73.62 81.20 OK
r-release-macos-x86_64 1.0.1 OK
r-release-windows-ix86+x86_64 1.0.1 10.00 74.00 84.00 OK
r-oldrel-macos-x86_64 1.0.1 NOTE
r-oldrel-windows-ix86+x86_64 1.0.1 9.00 101.00 110.00 NOTE

Check Details

Version: 1.0.1
Check: R code for possible problems
Result: NOTE
    plottr: no visible global function definition for ‘plot’
    print.analyzerPlot: no visible global function definition for ‘plot’
    Undefined global functions or variables:
     plot
    Consider adding
     importFrom("graphics", "plot")
    to your NAMESPACE file.
Flavors: r-oldrel-macos-x86_64, r-oldrel-windows-ix86+x86_64