CRAN Package Check Results for Package anomaly

Last updated on 2020-12-04 01:50:56 CET.

Flavor Version Tinstall Tcheck Ttotal Status Flags
r-devel-linux-x86_64-debian-clang 4.0.0 70.73 101.61 172.34 OK
r-devel-linux-x86_64-debian-gcc 4.0.0 43.85 76.65 120.50 OK
r-devel-linux-x86_64-fedora-clang 4.0.0 257.07 NOTE
r-devel-linux-x86_64-fedora-gcc 4.0.0 198.00 OK
r-devel-windows-ix86+x86_64 4.0.0 177.00 205.00 382.00 NOTE
r-patched-linux-x86_64 4.0.0 55.14 94.66 149.80 OK
r-patched-solaris-x86 4.0.0 230.80 NOTE
r-release-linux-x86_64 4.0.0 52.71 94.84 147.55 OK
r-release-macos-x86_64 4.0.0 NOTE
r-release-windows-ix86+x86_64 4.0.0 148.00 167.00 315.00 NOTE
r-oldrel-macos-x86_64 4.0.0 NOTE
r-oldrel-windows-ix86+x86_64 4.0.0 150.00 191.00 341.00 NOTE

Check Details

Version: 4.0.0
Check: installed package size
Result: NOTE
     installed size is 7.3Mb
     sub-directories of 1Mb or more:
     data 4.1Mb
     libs 2.8Mb
Flavors: r-devel-linux-x86_64-fedora-clang, r-devel-windows-ix86+x86_64, r-patched-solaris-x86, r-release-macos-x86_64, r-release-windows-ix86+x86_64, r-oldrel-macos-x86_64, r-oldrel-windows-ix86+x86_64