CRAN Package Check Results for Package antaresRead

Last updated on 2022-01-20 04:52:46 CET.

Flavor Version Tinstall Tcheck Ttotal Status Flags
r-devel-linux-x86_64-debian-clang 2.2.9 OK
r-devel-linux-x86_64-debian-gcc 2.2.9 9.80 187.49 197.29 OK
r-devel-linux-x86_64-fedora-clang 2.2.9 300.00 NOTE
r-devel-linux-x86_64-fedora-gcc 2.2.9 265.28 OK
r-devel-windows-x86_64-new-UL 2.2.9 155.00 428.00 583.00 NOTE
r-devel-windows-x86_64-new-TK 2.2.9 OK
r-patched-linux-x86_64 2.2.9 14.58 225.76 240.34 OK
r-release-linux-x86_64 2.2.9 OK
r-release-macos-arm64 2.2.9 NOTE
r-release-macos-x86_64 2.2.9 NOTE
r-release-windows-ix86+x86_64 2.2.9 23.00 233.00 256.00 NOTE
r-oldrel-macos-x86_64 2.2.9 NOTE
r-oldrel-windows-ix86+x86_64 2.2.9 24.00 230.00 254.00 NOTE

Check Details

Version: 2.2.9
Check: installed package size
Result: NOTE
     installed size is 5.1Mb
     sub-directories of 1Mb or more:
     test_v8 2.0Mb
     testdata 2.3Mb
Flavors: r-devel-linux-x86_64-fedora-clang, r-devel-windows-x86_64-new-UL, r-release-macos-arm64, r-release-macos-x86_64, r-release-windows-ix86+x86_64, r-oldrel-macos-x86_64, r-oldrel-windows-ix86+x86_64