Last updated on 2023-12-09 06:48:18 CET.
Flavor | Version | Tinstall | Tcheck | Ttotal | Status | Flags |
---|---|---|---|---|---|---|
r-devel-linux-x86_64-debian-clang | 0.18.0 | 21.54 | 168.55 | 190.09 | OK | |
r-devel-linux-x86_64-debian-gcc | 0.18.0 | 17.10 | 125.54 | 142.64 | OK | |
r-devel-linux-x86_64-fedora-clang | 0.18.0 | 229.07 | OK | |||
r-devel-linux-x86_64-fedora-gcc | 0.18.0 | 233.62 | OK | |||
r-devel-windows-x86_64 | 0.18.0 | 20.00 | 137.00 | 157.00 | OK | |
r-patched-linux-x86_64 | 0.18.0 | 27.28 | 159.48 | 186.76 | OK | |
r-release-linux-x86_64 | 0.18.0 | 21.04 | 159.23 | 180.27 | OK | |
r-release-macos-arm64 | 0.18.0 | 75.00 | NOTE | |||
r-release-macos-x86_64 | 0.18.0 | 148.00 | NOTE | |||
r-release-windows-x86_64 | 0.18.0 | 27.00 | 164.00 | 191.00 | OK | |
r-oldrel-macos-arm64 | 0.18.0 | 66.00 | OK | |||
r-oldrel-macos-x86_64 | 0.18.0 | 91.00 | OK | |||
r-oldrel-windows-x86_64 | 0.18.0 | 26.00 | 165.00 | 191.00 | OK |
Version: 0.18.0
Check: package dependencies
Result: NOTE
Package suggested but not available for checking: ‘rhdf5’
Flavors: r-release-macos-arm64, r-release-macos-x86_64