CRAN Package Check Results for Package antitrust

Last updated on 2020-12-04 01:50:56 CET.

Flavor Version Tinstall Tcheck Ttotal Status Flags
r-devel-linux-x86_64-debian-clang 0.99.14 13.04 79.14 92.18 OK
r-devel-linux-x86_64-debian-gcc 0.99.14 9.94 60.37 70.31 OK
r-devel-linux-x86_64-fedora-clang 0.99.14 113.84 NOTE
r-devel-linux-x86_64-fedora-gcc 0.99.14 105.68 NOTE
r-devel-windows-ix86+x86_64 0.99.14 24.00 104.00 128.00 OK
r-patched-linux-x86_64 0.99.14 11.36 77.25 88.61 OK
r-patched-solaris-x86 0.99.14 124.60 NOTE
r-release-linux-x86_64 0.99.14 11.08 76.27 87.35 OK
r-release-macos-x86_64 0.99.14 NOTE
r-release-windows-ix86+x86_64 0.99.14 18.00 83.00 101.00 OK
r-oldrel-macos-x86_64 0.99.14 NOTE
r-oldrel-windows-ix86+x86_64 0.99.14 15.00 98.00 113.00 OK

Check Details

Version: 0.99.14
Check: dependencies in R code
Result: NOTE
    Namespaces in Imports field not imported from:
     ‘MASS’ ‘evd’
     All declared Imports should be used.
Flavors: r-devel-linux-x86_64-fedora-clang, r-devel-linux-x86_64-fedora-gcc, r-patched-solaris-x86, r-release-macos-x86_64, r-oldrel-macos-x86_64

Version: 0.99.14
Check: Rd cross-references
Result: NOTE
    Undeclared package ‘competitiontoolbox’ in Rd xrefs
Flavor: r-devel-linux-x86_64-fedora-clang