CRAN Package Check Results for Package antitrust

Last updated on 2022-06-27 14:53:37 CEST.

Flavor Version Tinstall Tcheck Ttotal Status Flags
r-devel-linux-x86_64-debian-clang 0.99.25 10.26 83.52 93.78 NOTE
r-devel-linux-x86_64-debian-gcc 0.99.25 8.50 62.60 71.10 NOTE
r-devel-linux-x86_64-fedora-clang 0.99.25 124.63 NOTE
r-devel-linux-x86_64-fedora-gcc 0.99.25 124.07 NOTE
r-devel-windows-x86_64 0.99.25 96.00 114.00 210.00 NOTE
r-patched-linux-x86_64 0.99.25 13.38 78.86 92.24 OK
r-release-linux-x86_64 0.99.25 13.16 81.30 94.46 OK
r-release-macos-arm64 0.99.25 34.00 OK
r-release-macos-x86_64 0.99.25 51.00 OK
r-release-windows-x86_64 0.99.25 109.00 119.00 228.00 OK
r-oldrel-macos-arm64 0.99.25 38.00 OK
r-oldrel-macos-x86_64 0.99.25 69.00 OK
r-oldrel-windows-ix86+x86_64 0.99.25 26.00 111.00 137.00 OK

Check Details

Version: 0.99.25
Check: Rd files
Result: NOTE
    checkRd: (-1) AIDS-Functions.Rd:334: Escaped LaTeX specials: \&
    checkRd: (-1) Logit-Functions.Rd:380: Escaped LaTeX specials: \&
Flavors: r-devel-linux-x86_64-debian-clang, r-devel-linux-x86_64-debian-gcc, r-devel-linux-x86_64-fedora-clang, r-devel-linux-x86_64-fedora-gcc, r-devel-windows-x86_64