CRAN Package Check Results for Package anytime

Last updated on 2023-12-10 22:55:51 CET.

Flavor Version Tinstall Tcheck Ttotal Status Flags
r-devel-linux-x86_64-debian-clang 0.3.9 25.34 38.02 63.36 NOTE
r-devel-linux-x86_64-debian-gcc 0.3.9 16.28 29.49 45.77 NOTE
r-devel-linux-x86_64-fedora-clang 0.3.9 85.36 NOTE
r-devel-linux-x86_64-fedora-gcc 0.3.9 97.02 NOTE
r-devel-windows-x86_64 0.3.9 28.00 82.00 110.00 NOTE
r-patched-linux-x86_64 0.3.9 23.21 37.27 60.48 NOTE
r-release-linux-x86_64 0.3.9 23.61 37.71 61.32 NOTE
r-release-macos-arm64 0.3.9 38.00 NOTE
r-release-macos-x86_64 0.3.9 57.00 NOTE
r-release-windows-x86_64 0.3.9 25.00 86.00 111.00 NOTE
r-oldrel-macos-arm64 0.3.9 31.00 OK
r-oldrel-macos-x86_64 0.3.9 43.00 OK
r-oldrel-windows-x86_64 0.3.9 32.00 88.00 120.00 OK

Check Details

Version: 0.3.9
Check: C++ specification
Result: NOTE Specified C++11: please drop specification unless essential Flavors: r-devel-linux-x86_64-debian-clang, r-devel-linux-x86_64-debian-gcc, r-devel-linux-x86_64-fedora-clang, r-devel-linux-x86_64-fedora-gcc, r-devel-windows-x86_64, r-patched-linux-x86_64, r-release-linux-x86_64, r-release-macos-arm64, r-release-macos-x86_64, r-release-windows-x86_64